4561
In base 9, what is 2 + 255065?
255067
In base 13, what is 2c381c - 7?
2c3815
In base 8, what is -4544 + 154?
-4370
In base 5, what is 1102003 + 30?
1102033
In base 11, what is 691 + -248?
444
In base 2, what is -110110 - 100111011100?
-101000010010
In base 15, what is d0 - 26e8?
-2618
In base 9, what is 10 + 3158?
3168
In base 4, what is -3 - 220032?
-220101
In base 7, what is 13455 - 24?
13431
In base 13, what is -616c49 - 1?
-616c4a
In base 10, what is 1177 + 41?
1218
In base 3, what is -1121 - -10012020?
10010122
In base 2, what is -1010111001100010000 + 1?
-1010111001100001111
In base 9, what is 3 + 15685?
15688
In base 13, what is 5a3 + 92?
665
In base 5, what is 110 + -1204200?
-1204040
In base 6, what is 202130 + -2?
202124
In base 4, what is 1 - -20333121?
20333122
In base 16, what is -3 - 3bb8e?
-3bb91
In base 10, what is -20 - -2105?
2085
In base 13, what is 1 - -16100?
16101
In base 13, what is 4a - -1644?
1691
In base 16, what is -6934 + 6a?
-68ca
In base 11, what is 2 - 3471?
-346a
In base 12, what is 1b2a33 - -2?
1b2a35
In base 10, what is -35640 - -3?
-35637
In base 15, what is -3 - -38a?
387
In base 7, what is 103 + 1356?
1462
In base 4, what is -1333011301 + -10?
-1333011311
In base 16, what is 12a + -a7?
83
In base 5, what is -1 + 23042422?
23042421
In base 5, what is 140330 - -2402?
143232
In base 13, what is 64 - b44?
-ab0
In base 12, what is -4 - -19815?
19811
In base 6, what is -1530111 + -15?
-1530130
In base 13, what is 4 + 331353?
331357
In base 14, what is -34 + 188da?
188a6
In base 13, what is -4392 - -1?
-4391
In base 12, what is 56 - -116?
170
In base 11, what is 26292 - 1?
26291
In base 7, what is -311 + -414?
-1025
In base 5, what is 31 - -2001?
2032
In base 9, what is 5 + 284758?
284764
In base 2, what is 1000 - -101110101001?
101110110001
In base 9, what is 1 + -54410?
-54408
In base 9, what is 2 + 428367?
428370
In base 8, what is 10 - 111737?
-111727
In base 14, what is -44a - -105?
-345
In base 5, what is -334 - -12323?
11434
In base 12, what is -43 - 8819?
-8860
In base 7, what is 11640 + -141?
11466
In base 13, what is 1 - 14281?
-14280
In base 15, what is -17 + -140c?
-1424
In base 14, what is 7c - 7160?
-70c2
In base 14, what is -5 + -4d3a?
-4d41
In base 2, what is -111100101011011001100 + 0?
-111100101011011001100
In base 2, what is -101 - 1011010100101?
-1011010101010
In base 15, what is 5d0 - -4e?
62e
In base 2, what is -11011011 - 110001111101101?
-110010011001000
In base 15, what is -4 - 5495?
-5499
In base 16, what is -17 - -895?
87e
In base 11, what is -76 - -2?
-74
In base 13, what is 1a1 - -40b?
5ac
In base 10, what is -15 - 1682?
-1697
In base 10, what is 179 + -1041?
-862
In base 6, what is 51205 + -12?
51153
In base 5, what is -1414 - -42?
-1322
In base 2, what is -10000111111101101111111 + -1?
-10000111111101110000000
In base 9, what is -75867 - -1?
-75866
In base 6, what is 0 - -23323?
23323
In base 13, what is 1 + 8aa40?
8aa41
In base 14, what is 7ddda + -5?
7ddd5
In base 11, what is -4 + -99a0?
-99a4
In base 16, what is 0 - 1e175?
-1e175
In base 8, what is -41117 + 25?
-41072
In base 9, what is 2671 + 222?
3003
In base 3, what is -210 - 1021112?
-1022022
In base 8, what is -104453 - -103?
-104350
In base 16, what is -54 - c5?
-119
In base 4, what is -200221312333 - 2?
-200221313001
In base 16, what is b327 - -9?
b330
In base 9, what is -828 - -1722?
783
In base 11, what is -526 + 9?
-518
In base 2, what is 1010100111011011001110 - -101?
1010100111011011010011
In base 15, what is -207c - 50?
-20cc
In base 5, what is 1322 + 332120?
333442
In base 10, what is 1 + 81471?
81472
In base 16, what is -1cc + 35?
-197
In base 9, what is 101 - 21646?
-21545
In base 14, what is -a16d4 + -5?
-a16d9
In base 4, what is -30 + 211213111?
211213021
In base 9, what is -28 + 211?
172
In base 13, what is -3671 - 12?
-3683
In base 14, what is -4 - -45a?
456
In base 5, what is -40020214 - 10?
-40020224
In base 10, what is -9807741 - 4?
-9807745
In base 3, what is -211 - 21221?
-22202
In base 6, what is -1111 + 35?
-1032
In base 6, what is -140 + 535?
355
In base 14, what is -67 - -7d0?
767
In base 12, what is 1 + -1a4a4?
-1a4a3
In base 11, what is -6887 - -16?
-6871
In base 2, what is -111 + -10001111111101?
-10010000000100
In base 12, what is -38b86 - 2?
-38b88
In base 12, what is -764a - 8?
-7656
In base 3, what is 2 + 211210001100?
211210001102
In base 7, what is -1 + -304456?
-304460
In base 10, what is -5 - 3917?
-3922
In base 2, what is -10000000 + -1000010011?
-1010010011
In base 15, what is 1a692 - -b?
1a69d
In base 8, what is 3112025 - -1?
3112026
In base 12, what is 7356 + 1?
7357
In base 13, what is a4348 - -3?
a434b
In base 6, what is 2235 - -5004?
11243
In base 8, what is 5053 - 15?
5036
In base 14, what is -7c890 - -5?
-7c889
In base 11, what is 181a4 + -37?
18168
In base 14, what is -cbbb + 12?
-cba9
In base 12, what is 557 + -16?
541
In base 11, what is a932 - 47?
a896
In base 10, what is -789187 + 2?
-789185
In base 15, what is a1c - 1e?
9ed
In base 10, what is -8660 + 577?
-8083
In base 4, what is -3 - -30300213?
30300210
In base 6, what is -115 + 11450?
11331
In base 11, what is -8 - 122a23?
-122a30
In base 15, what is 80 - b7d?
-aed
In base 3, what is 101000120110 - 10?
101000120100
In base 11, what is -154 + 4a?
-105
In base 16, what is -5aea0 + -6?
-5aea6
In base 16, what is 171b + 25?
1740
In base 2, what is -101100 - 100000101100101?
-100000110010001
In base 15, what is 4d - -34c?
39a
In base 5, what is -1124 - -120?
-1004
In base 15, what is -4ba + -ab?
-576
In base 5, what is 121034 - -110?
121144
In base 5, what is -10 - -334031?
334021
In base 4, what is -11 + 303320111?
303320100
In base 3, what is 202 - -20212110012?
20212110221
In base 6, what is -451 + -154?
-1045
In base 11, what is -2 + 1a317?
1a315
In base 5, what is -3 + -141324?
-141332
In base 6, what is -2542500 + 0?
-2542500
In base 12, what is 755444 + -3?
755441
In base 6, what is 23 - -2453000?
2453023
In base 7, what is 54 + -101534?
-101450
In base 13, what is -1 + 1583b9?
1583b8
In base 11, what is 67 - 128?
-71
In base 4, what is -22010222 - 10?
-22010232
In base 16, what is -17 + 22?
b
In base 13, what is b + -8389?
-837b
In base 13, what is -8 + 7a34?
7a29
In base 6, what is -2 - -300143?
300141
In base 5, what is -203 + 2320233?
2320030
In base 7, what is -135 - 1560?
-2025
In base 6, what is -2132 - -53024?
50452
In base 12, what is 4033 - 10?
4023
In base 16, what is -3d - 5609?
-5646
In base 16, what is -9afd + 2?
-9afb
In base 5, what is 3 - -121103?
121111
In base 8, what is 4137 + -16?
4121
In base 16, what is 5 + -4f8c8?
-4f8c3
In base 5, what is 22 - 133103?
-133031
In base 12, what is -6 + -2243?
-2249
In base 8, what is 3233 + 40?
3273
In base 11, what is a3 + -502?
-40a
In base 4, what is 11 - 1203000?
-1202323
In base 8, what is 3 + 113551?
113554
In base 5, what is 3 + 14403100?
14403103
In base 14, what is -739d - 44?
-7403
In base 14, what is -184d - 1?
-1850
In base 5, what is 1234 - 111?
1123
In base 4, what is 112 - -123200022?
123200200
In base 3, what is 122122001 + -220?
122121011
In base 15, what is 13a35 - 5?
13a30
In base 9, what is 1 + 411557?
411558
In base 12, what is -9 + 1b1?
1a4
In base 14, what is -46 + 1a3?
15b
In base 15, what is -1b61 + -1?
-1b62
In base 7, what is 31 - 12014?
-11653
In base 12, what is -5393 + 51?
-5342
In base 3, what is -202 - -102101010?
102100101
In base 2, what is 10110110 - 1001111110?
-111001000
In base 2, what is 100 + 100101000011000010100?
100101000011000011000
In base 11, what is -1 - -149a0?
1499a
In base 11, what is 5 - 119621?
-119617
In base 13, what is -758 - 164?
-8bc
In base 2, what is -1111101000110001 - -101?
-1111101000101100
In base 13, what is 1 + c7c2?
c7c3
In base 14, what is -24 - 3c9a?
-3cc0
In base 14, what is 11 + 567?
578
In base 13, what is -266 + -2a?
-293
In base 7, what is -660534 + 5?
-660526
In base 2, what is -10000001001000111010 + -10?
-10000001001000111100
In base 15, what is -2 + -3c6b?
-3c6d
In base 4, what is 13112233 + 1?
13112300
In base 8, what is 13 - 225711?
-225676
In base 12, what is 3 + 3b185?
3b188
In base 14, what is 486c57 - 5?
486c52
In base 7, what is 64655 + 14?
65002
In base 7, what is 11 - 330